{"id":747,"date":"2023-10-06T14:33:02","date_gmt":"2023-10-06T14:33:02","guid":{"rendered":"https:\/\/fiskusolga.hu\/?page_id=747"},"modified":"2024-02-07T13:31:44","modified_gmt":"2024-02-07T13:31:44","slug":"galeriak","status":"publish","type":"page","link":"https:\/\/fiskusolga.hu\/?page_id=747","title":{"rendered":"Gal\u00e9ri\u00e1k"},"content":{"rendered":"\n<p>N\u00e9zz k\u00f6r\u00fcl!<\/p>\n\n\n\n<figure class=\"wp-block-gallery has-nested-images columns-default is-cropped wp-block-gallery-1 is-layout-flex wp-block-gallery-is-layout-flex\">\n<figure class=\"wp-block-image size-large\"><a href=\"https:\/\/fiskusolga.hu\/?page_id=538\"><img loading=\"lazy\" decoding=\"async\" width=\"1024\" height=\"683\" data-id=\"148\" src=\"https:\/\/fiskusolga.hu\/wp-content\/uploads\/2023\/09\/balett_verseny_ff__67-1024x683.jpg\" alt=\"\" class=\"wp-image-148\" srcset=\"https:\/\/fiskusolga.hu\/wp-content\/uploads\/2023\/09\/balett_verseny_ff__67-1024x683.jpg 1024w, https:\/\/fiskusolga.hu\/wp-content\/uploads\/2023\/09\/balett_verseny_ff__67-300x200.jpg 300w, https:\/\/fiskusolga.hu\/wp-content\/uploads\/2023\/09\/balett_verseny_ff__67-768x512.jpg 768w, https:\/\/fiskusolga.hu\/wp-content\/uploads\/2023\/09\/balett_verseny_ff__67-1140x760.jpg 1140w, https:\/\/fiskusolga.hu\/wp-content\/uploads\/2023\/09\/balett_verseny_ff__67.jpg 1500w\" sizes=\"auto, (max-width: 1024px) 100vw, 1024px\" \/><\/a><figcaption class=\"wp-element-caption\"><a href=\"https:\/\/fiskusolga.hu\/?page_id=538\">Rendezv\u00e9nyek<\/a><\/figcaption><\/figure>\n\n\n\n<figure class=\"wp-block-image size-large\"><a href=\"fiskusolga.hu\/?page_id=764\"><img loading=\"lazy\" decoding=\"async\" width=\"683\" height=\"1024\" data-id=\"770\" src=\"https:\/\/fiskusolga.hu\/wp-content\/uploads\/2023\/10\/uszturu_ff_24-683x1024.jpg\" alt=\"\" class=\"wp-image-770\" srcset=\"https:\/\/fiskusolga.hu\/wp-content\/uploads\/2023\/10\/uszturu_ff_24-683x1024.jpg 683w, https:\/\/fiskusolga.hu\/wp-content\/uploads\/2023\/10\/uszturu_ff_24-200x300.jpg 200w, https:\/\/fiskusolga.hu\/wp-content\/uploads\/2023\/10\/uszturu_ff_24-768x1152.jpg 768w, https:\/\/fiskusolga.hu\/wp-content\/uploads\/2023\/10\/uszturu_ff_24-1024x1536.jpg 1024w, https:\/\/fiskusolga.hu\/wp-content\/uploads\/2023\/10\/uszturu_ff_24-1365x2048.jpg 1365w, https:\/\/fiskusolga.hu\/wp-content\/uploads\/2023\/10\/uszturu_ff_24-1140x1710.jpg 1140w, https:\/\/fiskusolga.hu\/wp-content\/uploads\/2023\/10\/uszturu_ff_24.jpg 1500w\" sizes=\"auto, (max-width: 683px) 100vw, 683px\" \/><\/a><figcaption class=\"wp-element-caption\"><a href=\"https:\/\/fiskusolga.hu\/?page_id=764\">\u00dczleti portr\u00e9k<\/a>, branding<\/figcaption><\/figure>\n\n\n\n<figure class=\"wp-block-image size-large\"><a href=\"fiskusolga.hu\/?page_id=429\"><img loading=\"lazy\" decoding=\"async\" width=\"683\" height=\"1024\" data-id=\"535\" src=\"https:\/\/fiskusolga.hu\/wp-content\/uploads\/2023\/09\/zsofimarci_ff_1185-683x1024.jpg\" alt=\"\" class=\"wp-image-535\" srcset=\"https:\/\/fiskusolga.hu\/wp-content\/uploads\/2023\/09\/zsofimarci_ff_1185-683x1024.jpg 683w, https:\/\/fiskusolga.hu\/wp-content\/uploads\/2023\/09\/zsofimarci_ff_1185-200x300.jpg 200w, https:\/\/fiskusolga.hu\/wp-content\/uploads\/2023\/09\/zsofimarci_ff_1185-768x1152.jpg 768w, https:\/\/fiskusolga.hu\/wp-content\/uploads\/2023\/09\/zsofimarci_ff_1185-1024x1536.jpg 1024w, https:\/\/fiskusolga.hu\/wp-content\/uploads\/2023\/09\/zsofimarci_ff_1185-1140x1710.jpg 1140w, https:\/\/fiskusolga.hu\/wp-content\/uploads\/2023\/09\/zsofimarci_ff_1185.jpg 1300w\" sizes=\"auto, (max-width: 683px) 100vw, 683px\" \/><\/a><figcaption class=\"wp-element-caption\"><a href=\"https:\/\/fiskusolga.hu\/?page_id=429\">Esk\u00fcv\u0151k<\/a><\/figcaption><\/figure>\n\n\n\n<figure class=\"wp-block-image size-large\"><a href=\"fiskusolga.hu\/?page_id=663\"><img loading=\"lazy\" decoding=\"async\" width=\"1024\" height=\"683\" data-id=\"695\" src=\"https:\/\/fiskusolga.hu\/wp-content\/uploads\/2023\/09\/apartman_1_11-1-1024x683.jpg\" alt=\"\" class=\"wp-image-695\" srcset=\"https:\/\/fiskusolga.hu\/wp-content\/uploads\/2023\/09\/apartman_1_11-1-1024x683.jpg 1024w, https:\/\/fiskusolga.hu\/wp-content\/uploads\/2023\/09\/apartman_1_11-1-300x200.jpg 300w, https:\/\/fiskusolga.hu\/wp-content\/uploads\/2023\/09\/apartman_1_11-1-768x512.jpg 768w, https:\/\/fiskusolga.hu\/wp-content\/uploads\/2023\/09\/apartman_1_11-1-1140x760.jpg 1140w, https:\/\/fiskusolga.hu\/wp-content\/uploads\/2023\/09\/apartman_1_11-1.jpg 1300w\" sizes=\"auto, (max-width: 1024px) 100vw, 1024px\" \/><\/a><figcaption class=\"wp-element-caption\"><a href=\"https:\/\/fiskusolga.hu\/?page_id=663\">Ingatlanok<\/a><\/figcaption><\/figure>\n\n\n\n<figure class=\"wp-block-image size-large\"><a href=\"fiskusolga.hu\/?page_id=430\"><img loading=\"lazy\" decoding=\"async\" width=\"1024\" height=\"683\" data-id=\"639\" src=\"https:\/\/fiskusolga.hu\/wp-content\/uploads\/2023\/09\/kamocsa_ff_38-1024x683.jpg\" alt=\"\" class=\"wp-image-639\" srcset=\"https:\/\/fiskusolga.hu\/wp-content\/uploads\/2023\/09\/kamocsa_ff_38-1024x683.jpg 1024w, https:\/\/fiskusolga.hu\/wp-content\/uploads\/2023\/09\/kamocsa_ff_38-300x200.jpg 300w, https:\/\/fiskusolga.hu\/wp-content\/uploads\/2023\/09\/kamocsa_ff_38-768x512.jpg 768w, https:\/\/fiskusolga.hu\/wp-content\/uploads\/2023\/09\/kamocsa_ff_38-1140x760.jpg 1140w, https:\/\/fiskusolga.hu\/wp-content\/uploads\/2023\/09\/kamocsa_ff_38.jpg 1300w\" sizes=\"auto, (max-width: 1024px) 100vw, 1024px\" \/><\/a><figcaption class=\"wp-element-caption\"><a href=\"https:\/\/fiskusolga.hu\/?page_id=430\">Csal\u00e1di fot\u00f3z\u00e1sok<\/a><\/figcaption><\/figure>\n\n\n\n<figure class=\"wp-block-image size-large\"><a href=\"fiskusolga.hu\/?page_id=659\"><img loading=\"lazy\" decoding=\"async\" width=\"819\" height=\"1024\" data-id=\"701\" src=\"https:\/\/fiskusolga.hu\/wp-content\/uploads\/2023\/09\/nehany_4_514-819x1024.jpg\" alt=\"\" class=\"wp-image-701\" srcset=\"https:\/\/fiskusolga.hu\/wp-content\/uploads\/2023\/09\/nehany_4_514-819x1024.jpg 819w, https:\/\/fiskusolga.hu\/wp-content\/uploads\/2023\/09\/nehany_4_514-240x300.jpg 240w, https:\/\/fiskusolga.hu\/wp-content\/uploads\/2023\/09\/nehany_4_514-768x960.jpg 768w, https:\/\/fiskusolga.hu\/wp-content\/uploads\/2023\/09\/nehany_4_514-1229x1536.jpg 1229w, https:\/\/fiskusolga.hu\/wp-content\/uploads\/2023\/09\/nehany_4_514-1140x1425.jpg 1140w, https:\/\/fiskusolga.hu\/wp-content\/uploads\/2023\/09\/nehany_4_514.jpg 1300w\" sizes=\"auto, (max-width: 819px) 100vw, 819px\" \/><\/a><figcaption class=\"wp-element-caption\"><a href=\"https:\/\/fiskusolga.hu\/?page_id=659\">Fine art<\/a><\/figcaption><\/figure>\n\n\n\n<figure class=\"wp-block-image size-large\"><a href=\"https:\/\/fiskusolga.hu\/?page_id=431\"><img loading=\"lazy\" decoding=\"async\" width=\"716\" height=\"1024\" data-id=\"729\" src=\"https:\/\/fiskusolga.hu\/wp-content\/uploads\/2023\/10\/esztiek_02239-716x1024.jpg\" alt=\"\" class=\"wp-image-729\" srcset=\"https:\/\/fiskusolga.hu\/wp-content\/uploads\/2023\/10\/esztiek_02239-716x1024.jpg 716w, https:\/\/fiskusolga.hu\/wp-content\/uploads\/2023\/10\/esztiek_02239-210x300.jpg 210w, https:\/\/fiskusolga.hu\/wp-content\/uploads\/2023\/10\/esztiek_02239-768x1098.jpg 768w, https:\/\/fiskusolga.hu\/wp-content\/uploads\/2023\/10\/esztiek_02239-1074x1536.jpg 1074w, https:\/\/fiskusolga.hu\/wp-content\/uploads\/2023\/10\/esztiek_02239-1140x1630.jpg 1140w, https:\/\/fiskusolga.hu\/wp-content\/uploads\/2023\/10\/esztiek_02239.jpg 1399w\" sizes=\"auto, (max-width: 716px) 100vw, 716px\" \/><\/a><figcaption class=\"wp-element-caption\">\u00dcnnepek<\/figcaption><\/figure>\n\n\n\n<figure class=\"wp-block-image size-large\"><a href=\"fiskusolga.hu\/?page_id=659\"><img loading=\"lazy\" decoding=\"async\" width=\"1024\" height=\"819\" data-id=\"608\" src=\"https:\/\/fiskusolga.hu\/wp-content\/uploads\/2023\/09\/0T9A1867-1024x819.jpg\" alt=\"\" class=\"wp-image-608\" srcset=\"https:\/\/fiskusolga.hu\/wp-content\/uploads\/2023\/09\/0T9A1867-1024x819.jpg 1024w, https:\/\/fiskusolga.hu\/wp-content\/uploads\/2023\/09\/0T9A1867-300x240.jpg 300w, https:\/\/fiskusolga.hu\/wp-content\/uploads\/2023\/09\/0T9A1867-768x614.jpg 768w, https:\/\/fiskusolga.hu\/wp-content\/uploads\/2023\/09\/0T9A1867-1140x912.jpg 1140w, https:\/\/fiskusolga.hu\/wp-content\/uploads\/2023\/09\/0T9A1867.jpg 1300w\" sizes=\"auto, (max-width: 1024px) 100vw, 1024px\" \/><\/a><figcaption class=\"wp-element-caption\"><a href=\"https:\/\/fiskusolga.hu\/?page_id=659\">Fine art \u00e9tel, vir\u00e1g&#8230;<\/a><\/figcaption><\/figure>\n\n\n\n<figure class=\"wp-block-image size-large\"><a href=\"fiskusolga.hu\"><img loading=\"lazy\" decoding=\"async\" width=\"1024\" height=\"683\" data-id=\"101\" src=\"https:\/\/fiskusolga.hu\/wp-content\/uploads\/2023\/09\/balettgala_ff_193-1024x683.jpg\" alt=\"\" class=\"wp-image-101\" srcset=\"https:\/\/fiskusolga.hu\/wp-content\/uploads\/2023\/09\/balettgala_ff_193-1024x683.jpg 1024w, https:\/\/fiskusolga.hu\/wp-content\/uploads\/2023\/09\/balettgala_ff_193-300x200.jpg 300w, https:\/\/fiskusolga.hu\/wp-content\/uploads\/2023\/09\/balettgala_ff_193-768x512.jpg 768w, https:\/\/fiskusolga.hu\/wp-content\/uploads\/2023\/09\/balettgala_ff_193-1140x760.jpg 1140w, https:\/\/fiskusolga.hu\/wp-content\/uploads\/2023\/09\/balettgala_ff_193.jpg 1500w\" sizes=\"auto, (max-width: 1024px) 100vw, 1024px\" \/><\/a><figcaption class=\"wp-element-caption\"><a href=\"https:\/\/fiskusolga.hu\/\">F\u0151oldal<\/a><\/figcaption><\/figure>\n<\/figure>\n","protected":false},"excerpt":{"rendered":"<p>N\u00e9zz k\u00f6r\u00fcl!<\/p>\n","protected":false},"author":1,"featured_media":0,"parent":0,"menu_order":0,"comment_status":"closed","ping_status":"closed","template":"","meta":{"footnotes":""},"class_list":["post-747","page","type-page","status-publish","hentry"],"_links":{"self":[{"href":"https:\/\/fiskusolga.hu\/index.php?rest_route=\/wp\/v2\/pages\/747","targetHints":{"allow":["GET"]}}],"collection":[{"href":"https:\/\/fiskusolga.hu\/index.php?rest_route=\/wp\/v2\/pages"}],"about":[{"href":"https:\/\/fiskusolga.hu\/index.php?rest_route=\/wp\/v2\/types\/page"}],"author":[{"embeddable":true,"href":"https:\/\/fiskusolga.hu\/index.php?rest_route=\/wp\/v2\/users\/1"}],"replies":[{"embeddable":true,"href":"https:\/\/fiskusolga.hu\/index.php?rest_route=%2Fwp%2Fv2%2Fcomments&post=747"}],"version-history":[{"count":5,"href":"https:\/\/fiskusolga.hu\/index.php?rest_route=\/wp\/v2\/pages\/747\/revisions"}],"predecessor-version":[{"id":862,"href":"https:\/\/fiskusolga.hu\/index.php?rest_route=\/wp\/v2\/pages\/747\/revisions\/862"}],"wp:attachment":[{"href":"https:\/\/fiskusolga.hu\/index.php?rest_route=%2Fwp%2Fv2%2Fmedia&parent=747"}],"curies":[{"name":"wp","href":"https:\/\/api.w.org\/{rel}","templated":true}]}}